
Let v = -584 + 1041. Let a = 1106 - v. What are the prime factors of a?
11, 59
Suppose -17150 - 17490 = -18*d + 342964. What are the prime factors of d?
2, 17, 617
Let a(z) = -704*z**2 + 13*z + 15. Let g(w) = 353*w**2 - 6*w - 7. Let f(x) = 4*a(x) + 9*g(x). What are the prime factors of f(-2)?
5, 17
Suppose 0 = -43*r + 37 + 307. Let s(u) be the first derivative of -u**2/2 + 21*u - 1. List the prime factors of s(r).
13
Let s = 94 - 91. Suppose -k - t = 0, 0 = -k - t + s*t + 9. Suppose 5*b + 4*d = 1115, -4*b + k*d + 892 = 8*d. List the prime factors of b.
223
Let q(l) = -l**2 + l + 485. Let u be q(0). Let r = u - 390. List the prime factors of r.
5, 19
Let k(m) = 338 - 338 + 364*m**2. List the prime factors of k(1).
2, 7, 13
Let u(n) = n**2 + 67*n + 60. Let a be u(-36). Let y = 1574 + a. What are the prime factors of y?
2, 7, 37
List the prime factors of (3 - (3 + 592))*((-8)/2 + 2).
2, 37
Suppose 14 = 2*r - 82. Let b = 109 + -29. Let p = b - r. What are the prime factors of p?
2
Let j be (4/(-6))/((-48)/(-27) + -2). Suppose -4*y - 5*k = 9, -j*k = 1 + 14. Suppose 3*l = -y*q + 555, q - 561 = -3*l - q. List the prime factors of l.
3, 7
Let t be (2/(6/3))/((-2)/(-66)). Suppose 3*v - 486 - t = 0. List the prime factors of v.
173
Let s = 8210 + -2165. List the prime factors of s.
3, 5, 13, 31
Let g(t) = -t**2 - 11*t - 19. Let k be g(-8). Suppose 5239 = 4*r + 3*l, 0*r + r = -2*l + 1311. Suppose -k*a = 6*a - r. List the prime factors of a.
7, 17
What are the prime factors of ((-8)/44 + 147/22)*10502?
13, 59, 89
Suppose c - 8 = -3*h, c + c - 2*h = 24. Suppose c*p = 4*p + 245. List the prime factors of p.
5, 7
Suppose 5*p = 10*p - 590. Suppose -560 = -6*i + p. What are the prime factors of i?
113
Suppose -5*x + 5*f = -160040, 5*x + 5*f - 188062 = -28092. What are the prime factors of x?
3, 10667
Let b = 1770 - 984. Suppose b = -4*c + 4034. List the prime factors of c.
2, 7, 29
Let x(o) be the third derivative of -o**4/24 + o**3/3 - 7*o**2. Let b be x(-7). Suppose b*w - 10*w = -54. List the prime factors of w.
2, 3
Let n(h) = -32*h - 32. Let o be n(-3). Let t = o - -22. What are the prime factors of t?
2, 43
Let x(p) = 130*p**2 + 16*p - 3. Let a = -474 + 477. List the prime factors of x(a).
3, 5
Let q be (-1)/(-4) - (-363)/(-44). Let s(k) be the first derivative of k**4/4 + 11*k**3/3 + 17*k**2/2 + 7*k - 7. List the prime factors of s(q).
3, 7
Suppose -422 = -6*u + 826. Suppose -3*i + 1606 = u. What are the prime factors of i?
2, 233
Let i = 3009 - 1981. Let h = -830 + i. List the prime factors of h.
2, 3, 11
Let r be -2145 + (-10 - 1 - -8). List the prime factors of r/(-3)*55/44.
5, 179
Suppose -18 = 4*h + 2, 4*j - h = 605. Suppose 575 = m + j. List the prime factors of m.
5, 17
Let l(z) = 23*z**2 - z + 10. Let d be l(-14). Suppose -15*b = -3943 - d. What are the prime factors of b?
5, 113
Let o(y) = -y**3 + 13*y**2 - 8*y - 20. Let c be o(10). Suppose -3*z = 9, n + z = -28 - c. Let w = n + 394. What are the prime factors of w?
13
Let p be (-80)/(-3)*-9*(-10)/(-30). Let m = p + 293. What are the prime factors of m?
3, 71
Suppose -28*s + 83957 = -86087. What are the prime factors of s?
6073
Let d(k) = -344*k + 71. Let m(i) = i - 1. Let b(n) = -d(n) + 2*m(n). What are the prime factors of b(2)?
619
Let s(n) be the third derivative of -n**5/60 - n**4/12 + 5*n**3/6 - 6*n**2. Let t be s(-3). What are the prime factors of ((-360)/8)/(t - 21/6)?
2, 3, 5
Let f(s) = 7*s**2 - 133*s + 16. Let l be f(19). What are the prime factors of 1*(-2868)/l*-4?
3, 239
Let s = 7260 + 1975. What are the prime factors of s?
5, 1847
Let y(n) = n**2 - 17*n + 8. Suppose -5*j + 110 = q + 4*q, -q + 30 = 5*j. Let l be y(q). Let d = l + 9. List the prime factors of d.
7, 11
Suppose 23*x + 149 = 34. What are the prime factors of x/(25/15) + 1062?
3, 353
Let n(v) = -v**2 + 15*v - 10. Let h = 30 - 16. Let q be n(h). Suppose -3*p - 272 = -q*m - p, 5*m = -2*p + 322. List the prime factors of m.
2, 3, 11
Suppose -3*t + 52603 = -2*r, -12*r + 17545 = t - 10*r. List the prime factors of t.
13, 19, 71
Suppose -8*k = -59885 + 44901. List the prime factors of k.
1873
Let x(j) = -393*j**3 + 18*j**2 + 96*j + 93. List the prime factors of x(-5).
2, 3, 4099
Suppose 191839 - 35687 = 131*o. List the prime factors of o.
2, 149
Let u(i) = 64*i**2 + 8*i + 115. List the prime factors of u(13).
5, 2207
Let m(v) = 7*v**3 + 3*v**2 - v. Let h be m(-2). Let k = 128 - h. What are the prime factors of k?
2, 5, 17
Let d = -411 - -416. Suppose -d*c = 5*f - 335, 5*f - 17*c - 343 = -20*c. What are the prime factors of f?
71
Let x = 30903 - -50305. What are the prime factors of x?
2, 10151
Suppose 644*p - 646*p - g + 78165 = 0, -195414 = -5*p - 4*g. List the prime factors of p.
2, 19541
List the prime factors of (1/(-1 - -3))/(105/4456410).
21221
Suppose 2970528 = 211*b - 17*b. What are the prime factors of b?
2, 3, 11, 29
List the prime factors of -482*((-9)/24 - (5 + 738/16)).
103, 241
Suppose -6*y - 306 = -15*y. List the prime factors of (7 - -2) + 524 + y.
3, 7
Suppose 0 = s - 5*k - 4441, 0 = -18*s + 17*s - 2*k + 4462. Suppose -3*t = -12*p + 17*p - 5602, 4*p = 4*t + s. List the prime factors of p.
2, 13, 43
Let s(d) = -d**3 - 30*d**2 + 31*d + 3. Let z be s(-31). Suppose -z*q = 4*l - 201, 2*q + 0*l + 2*l = 132. What are the prime factors of q?
3, 7
Let d(q) = -q**2 - 7*q + 21. Let i be d(-9). Let s(o) = -11 + 2*o - 3*o**2 - o + 4*o**2 + i*o. List the prime factors of s(5).
2, 17
Let f = -37 - -37. Suppose f = -h - 4*x + 3, -7 = h + x + 2. Let s(a) = a + 16. List the prime factors of s(h).
3
Suppose 0 = -d - 4*s + 7, -3*d = -5*d - 2*s + 26. Let h = 203 - d. List the prime factors of h.
2, 47
Let z = 62 - 58. Suppose 0 = 4*v - 16, z*k - 3*v + 2*v - 476 = 0. Let s = 181 - k. List the prime factors of s.
61
Let v = 0 - 0. Suppose 1562 = 91*j - 1168. Suppose -j*n + 32*n - 268 = v. What are the prime factors of n?
2, 67
Suppose 2*r + 2 - 12 = 0. Let t be 1/r + 1584/55. Suppose -4*k - t = -121. List the prime factors of k.
23
Let h(n) = -n**3 + 42*n**2 + 58*n + 813. What are the prime factors of h(-30)?
3, 47, 151
List the prime factors of 2726 + 1 - (-1414)/101.
2741
Let i = -208 + 218. List the prime factors of 4426/i - (-14)/35.
443
Let n = -74 - 108. List the prime factors of (n/(-7))/(2/(5 - 1)).
2, 13
Let p(a) = a**2 - 3*a + 5. Let r be p(-4). Suppose -10*v + r = -7*v. Let f(j) = j**3 - 11*j**2 + 11*j - 19. List the prime factors of f(v).
2, 3, 17
Let j = 54 + -58. Let y = j - -8. Suppose y*x - 259 - 235 = -2*l, -4*l + 20 = 0. List the prime factors of x.
11
Suppose 7*s - 134790 = 193846. What are the prime factors of s?
2, 11, 97
Let f(l) = l**3 - l + 4. Let o be f(2). Suppose 0 = o*a + 2760 - 8830. List the prime factors of a.
607
Let k be (30/2)/(-3)*(-4)/4. Suppose 2*v - k*n = 1029, 0 = 2*v + 9*n - 4*n - 979. What are the prime factors of v?
2, 251
Suppose 0 = 41*w - 149550 + 7854. What are the prime factors of w?
2, 3
Suppose 2*u - 2*m - 82 = 0, -2*u + 95 + 1 = 5*m. Suppose 8*x - u = 1453. List the prime factors of x.
11, 17
Suppose -4*z = -5*i + 19590, -6*i + i = 3*z - 19625. What are the prime factors of i?
2, 37, 53
Let m(z) = -z**2 + 14*z - 1. Let a be m(14). Let n be (-4 + 2/(-3 - -4))*a. Suppose -28 = -2*f - 2*j, -2*f - n*j + 34 = -6*j. What are the prime factors of f?
3, 5
Let d(r) be the second derivative of -13/3*r**3 + 33*r**2 + 18*r + 0. List the prime factors of d(-5).
2, 7
Suppose 4*a + 3840 = 19*a. Suppose 0 = -k - a + 504. What are the prime factors of k?
2, 31
Let i = 117577 + -69976. What are the prime factors of i?
3, 41, 43
Let w(b) = -3*b**2 + 34*b - 14. Let v be w(14). Let g be (-8)/(-14)*(-9)/(v/49). Suppose g*i = -10, 0 = 3*p + 3*i + i - 124. List the prime factors of p.
2, 3
Let u = 584 - 280. Let v = u - -1. What are the prime factors of v?
5, 61
Suppose c = -5*j + 59614, 100*j - 104*j + 47708 = 5*c. What are the prime factors of j?
2, 3, 1987
Let x be 6/(-2) + (0 - -5) + 43. List the prime factors of -5 - 282/(-54) - (-38060)/x.
2, 3, 47
Let x(w) = w**2 + 35*w - 11. Let n be x(-37). Suppose -74*u + 99 = -n*u. What are the prime factors of u?
3
Let f be (-3 - 3)*-5*182. Suppose -22*r - f = -35*r. List the prime factors of r.
2, 3, 5, 7
Suppose 6*t + 5*q = 86815, 88*t + q + 28957 = 90*t